nd 58304?
64
What is the highest common factor of 37030 and 2254?
322
What is the highest common factor of 847 and 96437?
121
What is the highest common divisor of 2751 and 2502231?
393
What is the highest common factor of 9 and 41913?
9
Calculate the greatest common divisor of 111456 and 3569.
43
Calculate the highest common divisor of 17822 and 22981.
469
What is the greatest common factor of 98069 and 44117?
281
Calculate the highest common divisor of 88 and 5027044.
44
What is the greatest common factor of 292431 and 642?
321
Calculate the highest common divisor of 2 and 34499.
1
What is the greatest common divisor of 56 and 692223?
7
Calculate the greatest common factor of 8711 and 3131.
31
Calculate the greatest common divisor of 2432 and 108072.
152
What is the greatest common factor of 570 and 27170?
190
Calculate the greatest common divisor of 335 and 640.
5
Calculate the highest common factor of 59885 and 4640.
145
Calculate the greatest common divisor of 252 and 2543058.
126
What is the highest common factor of 554415 and 1725?
345
What is the highest common factor of 3008 and 21479?
47
What is the highest common factor of 164304 and 36?
36
Calculate the highest common divisor of 96570 and 2790.
90
What is the highest common factor of 184 and 9812812?
92
Calculate the greatest common divisor of 525 and 36029.
7
What is the greatest common factor of 4604890 and 610?
610
Calculate the greatest common factor of 7029 and 17688.
33
What is the greatest common divisor of 784 and 364896?
112
What is the greatest common factor of 405 and 55305?
45
Calculate the greatest common factor of 5580 and 18042.
186
Calculate the greatest common divisor of 24 and 4488072.
24
Calculate the greatest common divisor of 1894 and 6.
2
What is the highest common divisor of 12 and 13109472?
12
What is the greatest common factor of 24 and 415476?
12
What is the greatest common divisor of 57014 and 2262?
58
Calculate the highest common divisor of 83160 and 61992.
1512
Calculate the greatest common factor of 556 and 177642.
278
What is the highest common divisor of 19625 and 8635?
785
What is the greatest common divisor of 381683 and 1195?
239
What is the highest common divisor of 55 and 2453?
11
Calculate the highest common divisor of 184471 and 292.
73
What is the highest common factor of 17886 and 4290?
66
What is the greatest common divisor of 32 and 68512?
32
Calculate the greatest common factor of 390 and 1830894.
78
What is the highest common factor of 162927 and 9675?
387
Calculate the highest common factor of 258 and 11567.
43
What is the highest common divisor of 161 and 1051951?
23
Calculate the highest common factor of 224 and 14336.
224
Calculate the greatest common factor of 735163 and 286.
143
Calculate the greatest common divisor of 3150 and 58730.
70
What is the greatest common divisor of 14985 and 81?
81
Calculate the highest common factor of 4510 and 10865.
205
Calculate the greatest common factor of 69644 and 230.
46
Calculate the greatest common divisor of 15 and 869025.
15
Calculate the highest common divisor of 92344 and 25608.
776
Calculate the greatest common divisor of 21700 and 7564.
124
What is the greatest common factor of 75488 and 560?
112
What is the highest common divisor of 497 and 1127?
7
Calculate the greatest common factor of 20869 and 3526.
41
What is the greatest common divisor of 1897 and 872891?
271
Calculate the greatest common divisor of 507348 and 396.
36
Calculate the highest common divisor of 40340 and 495.
5
Calculate the greatest common factor of 753253 and 31093.
1003
Calculate the greatest common divisor of 5778 and 56322.
54
What is the greatest common divisor of 41199 and 279?
93
Calculate the greatest common divisor of 5192 and 10148.
236
Calculate the greatest common divisor of 20240 and 3872.
176
Calculate the greatest common divisor of 533 and 77654.
41
Calculate the highest common divisor of 386220 and 30.
30
What is the highest common divisor of 1859 and 242?
11
What is the highest common divisor of 355870 and 50?
10
What is the greatest common divisor of 4097517 and 2586?
1293
What is the greatest common divisor of 484 and 3879986?
242
Calculate the highest common factor of 7875 and 342.
9
Calculate the greatest common factor of 44 and 157289.
11
What is the greatest common factor of 1255 and 87599?
251
Calculate the greatest common divisor of 28704 and 3105.
69
Calculate the greatest common factor of 6698 and 340.
34
What is the highest common divisor of 22656 and 11184?
48
What is the greatest common divisor of 36 and 1646124?
12
Calculate the greatest common divisor of 58861 and 22.
11
Calculate the greatest common factor of 4026951 and 9.
9
Calculate the highest common factor of 57797 and 464.
29
What is the highest common divisor of 159 and 252?
3
Calculate the greatest common divisor of 525 and 1895.
5
What is the greatest common divisor of 120 and 618?
6
What is the highest common divisor of 1630 and 1606?
2
Calculate the highest common divisor of 290093 and 3197.
139
What is the highest common divisor of 8138 and 401266?
626
Calculate the highest common divisor of 1462 and 4558.
86
What is the greatest common divisor of 42 and 1834?
14
What is the highest common divisor of 27686 and 508?
254
Calculate the greatest common divisor of 89680 and 65.
5
What is the greatest common factor of 98 and 102333?
7
What is the greatest common factor of 3000 and 52872?
24
Calculate the greatest common divisor of 13620 and 120.
60
Calculate the highest common factor of 7470 and 105.
15
Calculate the highest common divisor of 1932 and 467061.
483
Calculate the greatest common factor of 11623 and 59.
59
Calculate the highest common factor of 269625 and 4875.
375
Calculate the greatest common divisor of 118 and 30621.
59
Calculate the greatest common factor of 2968 and 128.
8
What is the highest common divisor of 10 and 8275?
5
Calculate the highest common factor of 55458 and 261.
9
What is the greatest common factor of 19680 and 3321?
123
What is the highest common factor of 633832 and 56?
8
Calculate the highest common divisor of 1215 and 225.
45
What is the highest common divisor of 58 and 102863?
29
What is the greatest common divisor of 27685 and 10?
5
What is the highest common factor of 3086333 and 34?
17
Calculate the highest common factor of 12402 and 13.
13
Calculate the greatest common divisor of 1088 and 28096.
64
Calculate the greatest common divisor of 75271 and 63.
7
Calculate the highest common divisor of 2831 and 60941.
149
Calculate the highest common divisor of 7236 and 5762.
134
What is the highest common factor of 604 and 175613?
151
What is the highest common factor of 387 and 35919?
9
What is the highest common divisor of 40 and 8064120?
40
Calculate the highest common factor of 77600 and 45008.
1552
What is the greatest common factor of 23426 and 122434?
442
What is the greatest common divisor of 337 and 48?
1
Calculate the highest common factor of 2199911 and 203.
203
What is the highest common divisor of 21 and 262515?
3
Calculate the highest common divisor of 347039 and 77.
77
What is the greatest common divisor of 114 and 2379750?
114
What is the greatest common factor of 59760 and 4080?
240
Calculate the highest common factor of 3408 and 192.
48
What is the highest common factor of 897 and 74607?
39
Calculate the greatest common factor of 34 and 109378.
34
What is the highest common factor of 6847 and 2296?
41
What is the greatest common divisor of 3038 and 133?
7
Calculate the greatest common divisor of 116865 and 147.
147
Calculate the greatest common divisor of 1007 and 1919.
19
Calculate the greatest common divisor of 189232 and 32.
16
What is the highest common factor of 278579 and 1479?
17
Calculate the highest common factor of 5399763 and 101.
101
What is the greatest common factor of 108 and 204?
12
Calculate the highest common factor of 1868 and 31289.
467
Calculate the highest common factor of 26966 and 73948.
278
What is the greatest common divisor of 816229 and 635?
127
Calculate the highest common factor of 106 and 270830.
106
What is the greatest common divisor of 13565 and 20?
5
Calculate the highest common factor of 2418 and 624.
78
Calculate the highest common fac